se 0 = 4*r + 2*i, -5*r - i + 8 = 2. Suppose 100 = s + r*j, -6*s - j + 372 = -2*s. What is the highest common divisor of 28 and s?
4
Suppose -2192 + 680 = -21*n. Suppose -4*x + 71 + 145 = 0. Calculate the greatest common factor of n and x.
18
Let j = 133 + -133. Suppose -14 = -o - 2*o - 4*t, j = 5*o - 5*t - 35. Calculate the greatest common divisor of 10 and o.
2
Let k be 390/(-26) + (-174)/(-2). What is the highest common factor of k and 198?
18
Suppose 1392 = -23*k + 28*k + a, -4*k + 1122 = -2*a. What is the greatest common divisor of k and 527?
31
Let r = 17027 - 13683. Calculate the highest common factor of r and 132.
44
Suppose -2*k - 118 = -4*f + 98, -2*k = -8. Suppose 3*q - 20 = -y + q, 4*y - 5*q - 132 = 0. Calculate the greatest common factor of y and f.
28
Suppose -24*d = -26*d - 12*c + 1362, 12 = 2*c. Calculate the highest common divisor of 1333 and d.
43
Suppose -2205 - 7567 = 4*j. Let y = -1606 - j. Let f be 2/8 - y/(-12). Calculate the highest common factor of f and 56.
14
Let t be 11*(24/42)/((-2)/(-7)). Let l be 224/t + 2/(-22)*2. Calculate the greatest common divisor of l and 80.
10
Suppose -113*k + 110*k - 261 = 0. Let a = k - -89. Calculate the highest common factor of 15 and a.
1
Let y = 14908 + -14408. What is the greatest common divisor of y and 30?
10
Suppose 359*z - 174328 = 25276. Calculate the highest common factor of 64 and z.
4
Let g(t) = t**3 - 13*t**2 - 17*t + 37. Let o be g(14). Let z be (4/14 - o - 5)*77. What is the greatest common divisor of 869 and z?
11
Let j be (-66)/(-99)*(-1287)/(-6). Let g be (-2)/(-3)*(-33)/(-2). What is the highest common factor of j and g?
11
Suppose -163949 = 35*w - 432959. Calculate the greatest common divisor of 18 and w.
18
Let v = 3581 + -3207. Calculate the highest common divisor of 17 and v.
17
Let y be ((-14)/(-49) - 78/(-21))/2. Suppose -y*o + o = -4*x - 79, -5*o - x + 458 = 0. Calculate the greatest common factor of o and 13.
13
Let m be 18/4*64/12. Let n(z) = 2*z - 19. Let j be n(12). Suppose -5*b = 5*c - 1065, c - 408 = -j*b + 669. Calculate the highest common factor of b and m.
24
Let s = -34 - -37. Let b be (20/105*s)/(-1)*-7. Calculate the greatest common factor of b and 14.
2
Let u = -35 + 31. Let b be u/3 + (-732)/(-9). Let c = 1200 - 1195. Calculate the greatest common factor of c and b.
5
Suppose -2*w = 5*s - 36, -2*s - 4*w + 21 = -w. Suppose 56*c = 53*c - s. Let k be 8 + -10 - (245 + -1)/c. Calculate the greatest common divisor of k and 15.
15
Suppose -c + 766 = 5*t, t + 456 = 4*t - 3*c. Let o = 6 - -11. What is the highest common divisor of o and t?
17
Suppose 2*q = -t + 9, t + 4*q - 8 = q. Suppose 11*m = 19*m - 616. Calculate the greatest common divisor of t and m.
11
Let b be (-1)/((-434)/(-216) - 2). Let l = b + 131. What is the highest common factor of l and 1?
1
Let l be ((-4)/6)/((-4)/(-36)). Let k be (8/(-1))/(l/228*1). Calculate the highest common factor of 19 and k.
19
Suppose 0 = 2*t + 3*t - 10, -t = 5*f - 107. Suppose f = 4*y - 771. Suppose 4*s - b = b + y, -5*b = 3*s - 181. Calculate the highest common factor of 4 and s.
4
Let y = -127 - -267. Let c(w) = -w**2 - 32*w - 17. Let v be c(-28). Suppose -4*k + 10 = -2*k, 0 = 5*l - k - v. Calculate the highest common factor of l and y.
20
Let r(l) = 19*l + 24 + 15 - 81. Let u be r(3). What is the greatest common factor of u and 6?
3
Suppose -w = -5*p + 4400, 8*p = 9*p + 4*w - 880. What is the greatest common divisor of 165 and p?
55
Suppose -558 = -2*k + 4*h, 4*k - 21*h - 1166 = -23*h. Let c = k + -74. What is the greatest common factor of 129 and c?
43
Let h = -4 - -37. Let s be 8/((-93)/99 + 1). What is the greatest common factor of h and s?
33
Suppose 11*w - 370 = w. Let l = w + -1. Calculate the greatest common divisor of l and 162.
18
Suppose -10 = -2*x, 3*x + 249 = 9*k - 7*k. Suppose 2*m = m. Suppose 3*i - 18 - 18 = m. Calculate the highest common divisor of i and k.
12
Let r be 31/(744/80)*(-6)/(-4). Suppose 9*n + d - 43 = r*n, 3*n = 2*d + 24. Let s be (15/4)/(3/24). What is the greatest common divisor of n and s?
10
Suppose -4*t = -460 - 762 + 214. Calculate the greatest common factor of t and 5418.
126
Suppose 0 = 3244*n - 3215*n - 589512. What is the highest common factor of 168 and n?
168
Suppose n + 40 = -4*r + 16, 4*r = -16. Let a be ((-51)/(5 + n))/1. Calculate the greatest common divisor of 1037 and a.
17
Let b(f) = -f**3 + 18*f**2 - 2*f - 36. Let u be b(17). Let a = u + 405. Calculate the greatest common factor of a and 48.
48
Suppose -278*q + 481950 = -201*q + 280*q. What is the highest common divisor of q and 850?
50
Let m be -4*(-1)/(-30) + 13718/285. Calculate the greatest common factor of 1320 and m.
24
Suppose 0 = 3*n + v - 34, -n = -v - 1 - 5. Suppose 0 = -15*o + n*o - 20. Let l be (-434)/o - (-1)/(-2). What is the greatest common divisor of l and 12?
12
Let m be (-266)/(-21) + (-4)/6. Suppose -51*q + 12399 = 275*q + 2619. What is the highest common divisor of m and q?
6
Let o be ((-200385)/6)/((-72)/48). What is the highest common divisor of 305 and o?
305
Let o(u) = u**3 + 2*u**2 - 109*u - 80. Let x be o(-10). Suppose -4*v = v - 25. Calculate the greatest common divisor of v and x.
5
Let f(i) = -29*i - 148. Let c be (-2)/((-12)/21)*50/(-25). Let v be f(c). What is the greatest common divisor of 187 and v?
11
Let y(o) = -33*o - 3234. Let x be y(-104). Suppose 0 = 2*r + 2*l + 2, r = -l - l. Let d be 304/14 - r/7. What is the highest common divisor of x and d?
22
Let u be (-8)/6*(-6)/4. Let m be 70/(-9) + 2/(-9). Let a(d) = -2*d**2 - 15*d + 14. Let v be a(m). What is the greatest common divisor of u and v?
2
Suppose -3*s = 4*o + 15 - 115, 4*s = 0. Let p be (-50)/(-15) - (-1)/(-3). Let n be 1/(p - (-42)/(-15)). Calculate the highest common divisor of o and n.
5
Let r = 195 + -176. Suppose -15*c + r*c - 16 = 0. Calculate the highest common factor of c and 148.
4
Let k(d) = -d**3 + 28*d**2 - 2*d + 54. Let z be k(28). Let f be z/15 + (-94096)/(-120). What is the highest common factor of f and 56?
56
Let i(p) = 116*p + 156. Let n be i(-1). What is the greatest common divisor of n and 7180?
20
Suppose 15*d - 16*d - 40 = 0. Let m be ((-1)/4 - 1050/d)/2. What is the highest common divisor of 52 and m?
13
Let f(b) = -2*b**3 - 5*b**2 - 2*b + 6. Let k be f(-3). Let p be (-2 - 0) + k + (-1)/(-1). Let r be 3*p/(-4)*-2. What is the highest common divisor of 75 and r?
15
Let k be ((-3)/(-9))/(112/82656). Calculate the greatest common divisor of k and 492.
246
Let a(s) = -3*s**2 + 75*s - 225. Let q be a(6). Calculate the greatest common factor of q and 13.
13
Let n(o) = 18*o - 3. Let j be n(6). Let a be 4/6*(-222)/4. Let i = a - -107. Calculate the highest common factor of j and i.
35
Let t(j) = -j**2 + 2*j - 1. Let i be t(2). Let d = i + 16. Let r = 236 - 231. What is the greatest common factor of r and d?
5
Let j = 21 - -11. Suppose -64 = -4*y - 2*v, 2*y - 4*v = -2*v + j. Suppose 16*o = -3903 + 4415. What is the highest common divisor of y and o?
16
Let d be 11/(55/20) + 4. Let m be -6 - 30/(d/(-4)). What is the greatest common factor of 117 and m?
9
Suppose -5*f - 5*y = -9*f + 41, f - 2*y = 14. Suppose -f*u + 101 = -91. Calculate the greatest common divisor of 84 and u.
12
Let g(m) = -m**2 - 10*m + 12. Let y be g(1). Let z be y/(-2) + (-58)/(-4). What is the greatest common factor of z and 70?
14
Let r = 9 + -9. Suppose r*l + 3*b = -4*l + 15, 2*b - 10 = 3*l. Let s(o) = 3*o + 50. Let w be s(l). What is the highest common factor of 400 and w?
50
Let p(t) = 2*t**2 - 138*t + 288. Let l be p(67). Let h(u) = -24*u**3 - 3*u**2 - u - 4. Let c be h(-3). Calculate the highest common factor of l and c.
20
Let c(l) be the first derivative of l**2/2 + 6*l - 33. Let s be c(4). What is the highest common factor of 115 and s?
5
Let z(s) = s**2 - 112*s + 541. Let b be z(107). Calculate the highest common factor of b and 12870.
6
Let s be ((-24)/(-20))/((-14)/(-665)). Let q be (9614/s)/(2/3). Suppose q = -13*p + 14*p. Calculate the greatest common divisor of 11 and p.
11
Let m = -6483 - -6847. What is the highest common divisor of 308 and m?
28
Suppose -2*v + 0*v + 12 = 0. Suppose -377 + 638 = 29*j. Let m be (1 - -2)*v/j. What is the highest common factor of 2 and m?
2
Let b = -1013 - -1035. Let y(z) = -z**2 + 8*z 